406
Calculate the remainder when 35513 is divided by 1267.
37
Calculate the remainder when 15565 is divided by 486.
13
What is the remainder when 88852 is divided by 1823?
1348
What is the remainder when 103669 is divided by 234?
7
What is the remainder when 70960 is divided by 23653?
1
What is the remainder when 1095 is divided by 1092?
3
What is the remainder when 31483 is divided by 1264?
1147
Calculate the remainder when 38652 is divided by 11.
9
Calculate the remainder when 22095 is divided by 7.
3
Calculate the remainder when 15177 is divided by 121.
52
Calculate the remainder when 12731 is divided by 459.
338
Calculate the remainder when 299 is divided by 10.
9
Calculate the remainder when 125992 is divided by 857.
13
What is the remainder when 51374 is divided by 8?
6
What is the remainder when 6556 is divided by 519?
328
What is the remainder when 18516 is divided by 201?
24
Calculate the remainder when 56213 is divided by 2.
1
Calculate the remainder when 6899 is divided by 177.
173
What is the remainder when 167903 is divided by 396?
395
What is the remainder when 21540 is divided by 16?
4
What is the remainder when 57682 is divided by 23?
21
Calculate the remainder when 43232 is divided by 101.
4
Calculate the remainder when 22021 is divided by 275.
21
Calculate the remainder when 147070 is divided by 58.
40
Calculate the remainder when 8310 is divided by 112.
22
Calculate the remainder when 35050 is divided by 538.
80
What is the remainder when 26979 is divided by 1493?
105
What is the remainder when 141 is divided by 13?
11
Calculate the remainder when 3379 is divided by 209.
35
Calculate the remainder when 3809 is divided by 939.
53
What is the remainder when 4957 is divided by 121?
117
Calculate the remainder when 1667 is divided by 132.
83
What is the remainder when 3662 is divided by 29?
8
Calculate the remainder when 8766118 is divided by 12.
10
Calculate the remainder when 74819 is divided by 18699.
23
Calculate the remainder when 15036 is divided by 4626.
1158
What is the remainder when 3197 is divided by 3096?
101
Calculate the remainder when 3821 is divided by 25.
21
What is the remainder when 28698 is divided by 70?
68
Calculate the remainder when 2574 is divided by 205.
114
What is the remainder when 1175 is divided by 368?
71
Calculate the remainder when 15678 is divided by 218.
200
What is the remainder when 1571 is divided by 522?
5
What is the remainder when 156483 is divided by 46?
37
Calculate the remainder when 1553 is divided by 857.
696
Calculate the remainder when 62974 is divided by 21.
16
Calculate the remainder when 37500 is divided by 133.
127
Calculate the remainder when 29139 is divided by 4824.
195
What is the remainder when 11465 is divided by 182?
181
What is the remainder when 159 is divided by 152?
7
What is the remainder when 73563 is divided by 9?
6
Calculate the remainder when 1126475 is divided by 12.
11
What is the remainder when 160619 is divided by 11?
8
What is the remainder when 2980 is divided by 508?
440
What is the remainder when 12883 is divided by 1835?
38
Calculate the remainder when 498 is divided by 153.
39
What is the remainder when 7067 is divided by 220?
27
Calculate the remainder when 12172 is divided by 4047.
31
What is the remainder when 87445 is divided by 8?
5
Calculate the remainder when 24520 is divided by 2722.
22
What is the remainder when 570 is divided by 31?
12
What is the remainder when 566558 is divided by 47?
20
What is the remainder when 10826 is divided by 902?
2
Calculate the remainder when 10863 is divided by 209.
204
Calculate the remainder when 54517 is divided by 1899.
1345
What is the remainder when 37651 is divided by 134?
131
What is the remainder when 932398 is divided by 720?
718
What is the remainder when 20995 is divided by 20?
15
Calculate the remainder when 38914 is divided by 11.
7
What is the remainder when 211834 is divided by 1308?
1246
What is the remainder when 13775 is divided by 584?
343
Calculate the remainder when 7562 is divided by 187.
82
Calculate the remainder when 27835 is divided by 87.
82
Calculate the remainder when 848 is divided by 255.
83
Calculate the remainder when 14145 is divided by 33.
21
Calculate the remainder when 178437 is divided by 649.
611
What is the remainder when 1753 is divided by 1492?
261
Calculate the remainder when 35978 is divided by 1027.
33
Calculate the remainder when 3590 is divided by 397.
17
Calculate the remainder when 240787 is divided by 608.
19
Calculate the remainder when 13105 is divided by 32.
17
What is the remainder when 17885 is divided by 86?
83
What is the remainder when 14467 is divided by 154?
145
What is the remainder when 55707 is divided by 233?
20
Calculate the remainder when 7387318 is divided by 30.
28
What is the remainder when 532165 is divided by 136?
133
What is the remainder when 1070482 is divided by 13?
10
Calculate the remainder when 5597 is divided by 926.
41
What is the remainder when 12336 is divided by 121?
115
What is the remainder when 6236 is divided by 718?
492
What is the remainder when 20307 is divided by 462?
441
Calculate the remainder when 11817 is divided by 14.
1
What is the remainder when 1430215 is divided by 132?
127
Calculate the remainder when 6657 is divided by 662.
37
Calculate the remainder when 88051 is divided by 29332.
55
What is the remainder when 389152 is divided by 28?
8
What is the remainder when 38683 is divided by 52?
47
Calculate the remainder when 132239 is divided by 145.
144
Calculate the remainder when 783 is divided by 31.
8
Calculate the remainder when 5652 is divided by 182.
10
What is the remainder when 5077 is divided by 989?
132
Calculate the remainder when 552719 is divided by 420.
419
What is the remainder when 2653 is divided by 397?
271
What is the remainder when 1238951 is divided by 22?
21
What is the remainder when 241591 is divided by 80523?
22
Calculate the remainder when 5782 is divided by 482.
480
Calculate the remainder when 43409 is divided by 36.
29
Calculate the remainder when 1950 is divided by 1933.
17
Calculate the remainder when 27870 is divided by 11.
7
Calculate the remainder when 25316 is divided by 12657.
2
Calculate the remainder when 50128 is divided by 45.
43
What is the remainder when 23382 is divided by 2848?
598
Calculate the remainder when 659 is divided by 636.
23
Calculate the remainder when 9234 is divided by 44.
38
What is the remainder when 7427 is divided by 7327?
100
What is the remainder when 17290 is divided by 628?
334
Calculate the remainder when 1751452 is divided by 44.
32
What is the remainder when 31347 is divided by 423?
45
What is the remainder when 64914 is divided by 17?
8
What is the remainder when 3156 is divided by 1465?
226
What is the remainder when 145259 is divided by 769?
687
Calculate the remainder when 1254 is divided by 139.
3
What is the remainder when 41069 is divided by 67?
65
Calculate the remainder when 36828 is divided by 307.
295
What is the remainder when 48654 is divided by 153?
0
Calculate the remainder when 16966 is divided by 27.
10
What is the remainder when 4037201 is divided by 351?
350
What is the remainder when 47596 is divided by 85?
81
Calculate the remainder when 34161 is divided by 26.
23
What is the remainder when 1818 is divided by 1?
0
Calculate the remainder when 1069 is divided by 538.
531
What is the remainder when 79052 is divided by 425?
2
Calculate the remainder when 784 is divided by 323.
138
What is the remainder when 19501 is divided by 101?
8
Calculate the remainder when 4477 is divided by 37.
0
What is the remainder when 3870 is divided by 299?
282
Calculate the remainder when 452998 is divided by 150994.
16
What is the remainder when 23120 is divided by 30?
20
What is the remainder when 55319 is divided by 13827?
11
What is the remainder when 7554 is divided by 13?
1
Calculate the remainder when 15378 is divided by 101.
26
Calculate the remainder when 5886 is divided by 648.
54
What is the remainder when 12555 is divided by 4042?
429
Calculate the remainder when 1207 is divided by 159.
94
Calculate the remainder when 11908 is divided by 40.
28
Calculate the remainder when 11620 is divided by 649.
587
Calculate the remainder when 93